
1
What is -1300 (base 4) in base 6?
-304
Convert 184 (base 9) to base 8.
235
3 (base 7) to base 8
3
21002 (base 3) to base 10
191
What is 320 (base 4) in base 15?
3b
What is -1 (base 8) in base 12?
-1
110 (base 3) to base 11
11
What is 102 (base 4) in base 10?
18
2 (base 5) to base 7
2
-3 (base 15) to base 3
-10
Convert -100 (base 5) to base 6.
-41
Convert 10 (base 6) to base 5.
11
Convert -113 (base 11) to base 5.
-1020
What is -1 (base 16) in base 12?
-1
What is -100000 (base 2) in base 15?
-22
Convert 42 (base 15) to base 13.
4a
What is 7 (base 10) in base 14?
7
Convert 26 (base 8) to base 13.
19
What is -1 (base 15) in base 12?
-1
What is -211 (base 4) in base 14?
-29
What is 10 (base 2) in base 4?
2
What is -1063 (base 7) in base 12?
-284
a (base 16) to base 11
a
Convert -2 (base 8) to base 10.
-2
Convert -110 (base 15) to base 10.
-240
What is -10 (base 6) in base 5?
-11
Convert 3 (base 5) to base 15.
3
3 (base 7) to base 14
3
Convert -24 (base 5) to base 13.
-11
Convert 4 (base 11) to base 5.
4
-14 (base 14) to base 4
-102
Convert 10022 (base 3) to base 5.
324
What is 50 (base 14) in base 2?
1000110
What is -1 (base 4) in base 7?
-1
What is -4 (base 5) in base 16?
-4
Convert -5 (base 12) to base 10.
-5
-187 (base 9) to base 12
-114
What is 6 (base 14) in base 16?
6
What is 17c (base 13) in base 7?
536
What is 3121 (base 4) in base 16?
d9
100 (base 5) to base 12
21
Convert b5 (base 14) to base 5.
1114
What is -1 (base 14) in base 6?
-1
13 (base 7) to base 3
101
What is 147 (base 8) in base 6?
251
Convert 1 (base 11) to base 3.
1
Convert 56 (base 9) to base 14.
39
a (base 15) to base 16
a
What is 100010000 (base 2) in base 6?
1132
75 (base 10) to base 7
135
Convert -1010 (base 3) to base 15.
-20
What is 314 (base 8) in base 3?
21120
What is 242 (base 10) in base 7?
464
-8 (base 14) to base 5
-13
-11 (base 2) to base 8
-3
Convert -10 (base 3) to base 6.
-3
What is -132 (base 5) in base 3?
-1120
What is 0 (base 7) in base 16?
0
What is 2 (base 3) in base 12?
2
Convert 4 (base 13) to base 5.
4
Convert 100 (base 7) to base 16.
31
2 (base 6) to base 14
2
-11 (base 8) to base 14
-9
Convert 1 (base 13) to base 12.
1
Convert -5 (base 13) to base 16.
-5
Convert -37 (base 14) to base 9.
-54
What is 0 (base 9) in base 3?
0
Convert 244 (base 5) to base 3.
2202
6 (base 12) to base 14
6
-11 (base 12) to base 13
-10
-103 (base 8) to base 4
-1003
Convert 8 (base 9) to base 11.
8
Convert 16 (base 7) to base 10.
13
What is 111110 (base 2) in base 6?
142
What is 6 (base 12) in base 2?
110
-d (base 14) to base 7
-16
Convert -248 (base 10) to base 15.
-118
Convert 124 (base 6) to base 9.
57
12 (base 4) to base 16
6
What is -1 (base 11) in base 2?
-1
What is -4 (base 14) in base 15?
-4
-1a (base 11) to base 5
-41
What is 2 (base 6) in base 13?
2
Convert -12 (base 10) to base 8.
-14
Convert 20 (base 8) to base 5.
31
Convert -7 (base 10) to base 8.
-7
What is -12 (base 5) in base 9?
-7
Convert 212 (base 10) to base 6.
552
What is -43 (base 7) in base 13?
-25
What is -2 (base 8) in base 3?
-2
What is -110 (base 2) in base 7?
-6
Convert -1121 (base 4) to base 9.
-108
Convert -2c (base 14) to base 11.
-37
What is 9 (base 16) in base 14?
9
0 (base 10) to base 4
0
What is 2 (base 5) in base 4?
2
Convert 4 (base 8) to base 16.
4
Convert 326 (base 7) to base 11.
142
What is 3 (base 10) in base 12?
3
-4 (base 14) to base 8
-4
What is -a (base 15) in base 4?
-22
13 (base 6) to base 8
11
What is -13 (base 11) in base 14?
-10
What is 40 (base 5) in base 11?
19
-2 (base 7) to base 16
-2
Convert -12 (base 8) to base 11.
-a
1 (base 9) to base 3
1
What is -2 (base 7) in base 12?
-2
What is -403 (base 7) in base 15?
-d4
Convert -2 (base 15) to base 13.
-2
-2 (base 13) to base 6
-2
Convert -106 (base 9) to base 6.
-223
Convert -11010110 (base 2) to base 5.
-1324
-5 (base 13) to base 7
-5
What is -a0 (base 11) in base 10?
-110
What is 1 (base 6) in base 3?
1
Convert -1110 (base 2) to base 16.
-e
What is -4 (base 12) in base 2?
-100
2100 (base 3) to base 8
77
What is -2 (base 15) in base 7?
-2
Convert -125 (base 8) to base 14.
-61
What is -54 (base 16) in base 3?
-10010
What is 1 (base 5) in base 3?
1
0 (base 14) to base 15
0
What is -14 (base 7) in base 2?
-1011
Convert 1101111 (base 2) to base 5.
421
Convert -18 (base 9) to base 3.
-122
7 (base 16) to base 9
7
What is -241 (base 6) in base 10?
-97
Convert 12 (base 8) to base 2.
1010
3 (base 4) to base 8
3
What is 32 (base 5) in base 7?
23
Convert -4 (base 13) to base 16.
-4
Convert 127 (base 15) to base 7.
523
Convert 1 (base 7) to base 6.
1
What is 130 (base 5) in base 15?
2a
17 (base 10) to base 6
25
What is 6 (base 10) in base 5?
11
Convert a (base 12) to base 9.
11
Convert -4 (base 11) to base 5.
-4
-18 (base 12) to base 11
-19
-3 (base 15) to base 3
-10
Convert 52 (base 6) to base 4.
200
Convert 58 (base 16) to base 6.
224
-6 (base 10) to base 15
-6
What is 0 (base 10) in base 5?
0
Convert 21 (base 8) to base 5.
32
What is 12 (base 13) in base 5?
30
1201 (base 4) to base 16
61
Convert -59 (base 13) to base 12.
-62
What is -10 (base 11) in base 16?
-b
8 (base 14) to base 9
8
Convert 10 (base 7) to base 16.
7
-10112 (base 3) to base 11
-87
-12 (base 3) to base 8
-5
1111 (base 5) to base 13
c0
Convert 3 (base 13) to base 9.
3
Convert -26 (base 7) to base 3.
-202
Convert 10 (base 9) to base 10.
9
2a (base 13) to base 3
1100
Convert -12 (base 3) to base 8.
-5
What is -234 (base 7) in base 15?
-83
What is -2 (base 13) in base 14?
-2
-132 (base 5) to base 12
-36
What is -4 (base 7) in base 14?
-4
-53 (base 13) to base 2
-1000100
Convert -20 (base 16) to base 2.
-100000
-22 (base 5) to base 16
-c
What is -22 (base 13) in base 16?
-1c
1303 (base 4) to base 3
11021
What is 10 (base 3) in base 14?
3
5 (base 9) to base 11
5
Convert 2010 (base 3) to base 7.
111
What is e (base 15) in base 6?
22
What is 5 (base 11) in base 15?
5
Convert -34 (base 5) to base 15.
-14
What is -3 (base 5) in base 12?
-3
What is -3 (base 7) in base 13?
-3
Convert -23 (base 11) to base 15.
-1a
What is 214 (base 9) in base 16?
af
-30 (base 7) to base 14
-17
61 (base 8) to base 6
121
What is 310 (base 7) in base 8?
232
Convert 1 (base 15) to base 7.
1
What is 11 (base 8) in base 13?
9
Convert -a (base 14) to base 10.
-10
Convert -1010111 (base 2) to base 3.
-10020
Convert 10 (base 12) to base 4.
30
Convert 5 (base 11) to base 8.
5
What is -65 (base 9) in base 10?
-59
What is 30 (base 4) in base 15?
c
Convert -1000 (base 2) to base 10.
-8
Convert -30 (base 6) to base 16.
-12
What is 27 (base 16) in base 2?
100111
Convert 11111110 (base 2) to base 6.
1102
232 (base 4) to base 8
56
-11 (base 4) to base 6
-5
What is 4b (base 12) in base 8?
73
Convert -3 (base 9) to base 14.
-3
Convert 4 (base 15) to base 5.
4
Convert -100111 (base 2) to base 16.
-27
Convert -33 (base 7) to base 15.
-19
What is -1a (base 13) in base 5?
-43
-20 (base 4) to base 10
-8
Convert 75 (base 8) to base 5.
221
What is -4 (base 5) in base 4?
-10
Convert -2211 (base 3) to base 14.
-56
-14 (base 15) to base 2
-10011
Convert -5 (base 9) to base 8.
-5
11 (base 16) to base 10
17
Convert 1212 (base 5) to base 7.
350
Convert -11 (base 3) to base 4.
-10
1 (base 7) to base 10
1
What is -3 (base 14) in base 11?
-3
What is -110 (base 4) in base 11?
-19
What is -3 (base 9) in base 7?
-3
Convert 3 (base 16) to base 2.
11
10 (base 4) to base 3
11
What is 118 (base 9) in base 6?
242
Convert 0 (base 11) to base 13.
0
-5 (base 10) to base 13
-5
-52 (base 8) to base 15
-2c
What is -1010001 (base 2) in base 3?
-10000
Convert c (base 15) to base 10.
12
What is 3 (base 12) in base 3?
10
What is -217 (base 8) in base 16?
-8f
37 (base 16) to base 8
67
What is -3 (base 7) in base 2?
-11
What is -3 (base 13) in base 7?
-3
43 (base 5) to base 3
212
What is 0 (base 6) in base 3?
0
Convert 1000011 (base 2) to base 3.
2111
What is 97 (base 12) in base 13?
8b
What is -82 (base 11) in base 14?
-66
What is 22 (base 9) in base 2?
10100
What is 232 (base 6) in base 8?
134
What is 220 (base 3) in base 14?
1a
Convert -12 (base 10) to base 3.
-110
What is -32 (base 7) in base 6?
-35
Convert 10001 (base 2) to base 9.
18
Convert -7 (base 15) to base 4.
-13
What is -22 (base 3) in base 14?
-8
What is -8a (base 14) in base 9?
-1